*x + 17 = -s, -2*x - 3*s = 2*s - 3. Let c(f) = -x*f + n*f + 0*f + 2 + 4. Calculate c(6).
0
Let h(y) be the third derivative of y**4/24 + 14*y**3/3 - 705*y**2. Give h(-6).
22
Let y(t) = -t**2 + 4*t + 6. Let j = 264 + -216. Let m be j/56*(-2 - 20/(-3)). What is y(m)?
6
Let m(z) = 8*z - 403. Let o(w) = 32*w - 1762. Let b(i) = -9*m(i) + 2*o(i). Determine b(17).
-33
Let h(m) = 183*m - 26. Let k(w) = -329*w + 49. Let i(f) = 9*h(f) + 5*k(f). Suppose p = -3*x - 21, 3*x - p + 3 = 2*x. Calculate i(x).
-1
Let p(u) = -168*u + 88*u + 81*u + 4. Let a be p(6). Suppose -k = -a*k - 9. Let b(t) = 3*t. Give b(k).
-3
Let z(n) = 16*n - 817*n**2 - 14*n + 819*n**2 - 17. What is z(7)?
95
Let c(j) = 5*j**2 + 2*j - 1. Let o be 4/(-6)*(106 + -4). Let l = o + 72. Suppose 3*q + 11 = -p, -3*q - 2*q = -l*p + 24. Calculate c(p).
6
Suppose -5*m + 135 = -2*c - 2*c, -m + 2*c = -27. Let r = m - 25. Suppose -3*o - r = 7. Let u(f) = f**2 + 5*f + 4. Calculate u(o).
-2
Let m(j) = -16*j**3 - 7*j**2 - 27*j - 21. Let w be m(-1). Let s(y) be the second derivative of 0 + 1/12*y**4 - 2*y**2 - 5/6*y**3 + w*y. Determine s(6).
2
Let y(a) = -46*a + 38. Let t(b) = -19*b + 15. Let c(i) = 12*t(i) - 5*y(i). Let d be 2 - (7/4 - (-1)/4). Determine c(d).
-10
Let p(m) = -m + 9. Let u(l) = l**2 - 66*l + 877. Let k be u(48). Calculate p(k).
-4
Let a(i) = -i**3 - 11*i**2 - 15. Suppose -153 - 311 = -8*p. Suppose -7*b - 5*m + p = -10*b, 23 = -3*b - 2*m. Determine a(b).
-15
Let p(n) = -26*n**2 + 2*n - 9. Let u(r) = 14*r**2 - 2*r + 5. Let t(q) = 2*p(q) + 3*u(q). Determine t(4).
-171
Let w(h) = -58 + h + 85 + 8. Calculate w(-11).
24
Let o(p) = -p**2 + 6*p + 5. Let s be o(7). Let c(a) = -49*a**2 - 2*a - 7. Let z(b) = -66*b**2 - 2*b - 9. Let t(u) = -4*c(u) + 3*z(u). What is t(s)?
-11
Let z(q) = -q**2 + q + 6. Suppose 0 = -5*k + 1167 - 942. Suppose -5*r - k = -5*p, p + r + 9 = 10. Give z(p).
-14
Let w(v) = -v - 7. Let h = 93 - 89. Suppose 0 = 2*y + 3*u + 34, 0*y - 2*u = -h*y - 36. Determine w(y).
4
Let b = -74 - -35. Let x = b - -42. Let o(z) be the second derivative of z**5/20 - z**4/12 - z**3/3 - z**2 - 19*z. Determine o(x).
10
Let l be 1/2 + 11/2. Let x = 501 - 499. Let z(i) = i**3 + 8 - 3*i - 4*i**2 - 13*i**2 + 11*i**x - 1 + 0. Calculate z(l).
-11
Let n(j) be the third derivative of j**6/120 - 13*j**5/60 - j**4/2 - 5*j**3/6 - 4*j**2 + 219. Give n(14).
23
Let a(d) = 8*d**3 + d**2 + 2*d + 1. Suppose f + f = 6. Let c(v) = f + 2 + 3*v - 3*v**2 + 0*v - 4*v + v**3. Let p be c(2). Give a(p).
-8
Suppose 3*y + 2*u - 272 = 0, 2 = 8*u - 9*u. Let c(p) = -52 + 104*p + 48 - y*p. What is c(3)?
32
Let s(d) = -d**2 + 19*d - 40. Let g = 4742 - 4725. Calculate s(g).
-6
Suppose 2*v + 7 = 17. Let k = 10 - 8. Let h(f) = 3 + 4*f - 10 + 0*f + 0 - f**k. What is h(v)?
-12
Suppose 62*o - 1 = 61*o. Let a(s) be the second derivative of s**4/12 + s**3/6 - s**2/2 + 6*s. Give a(o).
1
Let d(f) = f**3 + 3*f**2 - 3*f + 5. Suppose 0 = 36*q - 26 + 170. Determine d(q).
1
Let k = 3 + 0. Let g(z) be the second derivative of z**5/20 - z**4/3 + z**3/2 - 3*z**2/2 - 85628*z. Determine g(k).
-3
Let z(q) be the second derivative of -q**3/6 - 8*q**2 + 4*q. Let d be (-245)/30 - 62/(-372). Calculate z(d).
-8
Suppose 8 = 2*g - g - r, 0 = 3*r + 3. Let o(s) = -33*s - 17*s - g + 49*s. Give o(-6).
-1
Let f(j) = 39*j**2 - 780*j - 2. Let x be f(20). Let h(p) = p**2 + 7. Calculate h(x).
11
Let p = -694 - -1026. Let h = p - 346. Let x(w) = 3*w + 16. Determine x(h).
-26
Let g(b) be the third derivative of 0*b + 0 + 1/30*b**5 + 0*b**3 - 27*b**2 - 1/360*b**6 - 25/24*b**4. Let v(q) be the second derivative of g(q). Determine v(5).
-6
Let k(n) be the third derivative of 5/6*n**3 + 60*n**2 + 0*n - 1/8*n**4 + 0. Calculate k(-5).
20
Let i(m) = -27*m - 870. Let q(u) = -23*u - 871. Let b(n) = 2*i(n) - 3*q(n). Give b(-58).
3
Let k(u) = -3*u**3 + 15*u**2 + 19*u. Let p(f) = 138*f - 1098. Let s be p(8). Give k(s).
6
Let s(h) = h**2 - 7. Let g(b) = -4*b + 30. Let l = 111 - 105. Let d be g(l). Determine s(d).
29
Let w(b) = -3*b - 925 - 881 + 1817. Calculate w(5).
-4
Let z = 229 + -208. Let m be -1 - (-18)/z - (-18)/(-21). Let c(w) = 9*w. Determine c(m).
-9
Let o be -1 + 10 + -3 - (-13 + 22 + -19). Let y(m) = -31*m + 486. Give y(o).
-10
Let s(p) = -9*p**2 - 13*p - 4. Let u(j) = 4*j**2 + 3*j. Let v(g) = s(g) + 2*u(g). Calculate v(-6).
2
Let o be 5/120*-753 + 80/(-128). Let h(q) = q**2 + 31*q - 26. Give h(o).
6
Let c = -83 - -90. Let m(t) = -t - t + 10*t - c*t. What is m(7)?
7
Suppose -48*a = -22*a - 260. Let m(g) = 7 + a - 7*g - 29 + 8*g. Calculate m(7).
-5
Let b(g) = 2 - 1 + 3*g - 5. Let q be (-23)/(-4) + -2 + 2/8. Suppose -40*x + 45*x = -5*r + 35, q*r - 23 = -3*x. Calculate b(x).
11
Let h(t) = 2*t**2 - t - 47. Let g(i) = -22*i**2 - 36*i + 636. Let f(v) = -g(v) - 10*h(v). Give f(-26).
-10
Let m(h) be the first derivative of -h**3/3 - 5*h**2/2 - 9*h - 12. Suppose 5*w = -4*i + 109, 2*i - w - w - 50 = 0. Let f = 20 - i. Calculate m(f).
-15
Suppose 20*v = 15*v + 10. Let o(p) = 2*p**2 - p**2 + 0*p**v. Suppose -60 = -7*g - 53. Give o(g).
1
Let v(y) = y**3 - 5*y**2 + 3*y - 5. Let a(x) = -13*x - 49. Let l be a(-5). Suppose 528*r - l = 524*r. Calculate v(r).
-9
Let c(r) = -r**3 - 9*r**2 - 7*r + 5. Let w be (-1)/(((-18)/(-78))/(-3)). Let v be (-8)/3*(-8 + 143/w). Determine c(v).
-3
Let d(c) = 2*c + 10. Let y(w) = -5*w - 56. Let z(k) = -6*d(k) - y(k). Determine z(0).
-4
Let z(c) be the third derivative of 7*c**4/24 + 5*c**3/3 + 107*c**2. Let y(m) = 12*m + 21. Let g(a) = 3*y(a) - 5*z(a). Give g(-10).
3
Let u(k) = -32*k + 45*k - 2 - 16*k. What is u(-4)?
10
Let y(i) = -2*i**2 - 156*i. Let l(n) = n**2 + 107*n + 2. Let c(z) = 3*l(z) + 2*y(z). Give c(8).
14
Let i(f) = f**2 - 7*f + 9. Let c(p) = p**3 + 2*p**2 - 4*p + 1. Let x be (-3 + -9 + 7)*9/15. Let u be c(x). Give i(u).
-3
Let y = 96 + 61. Let u = y + -161. Let h(m) = 2*m - 5. What is h(u)?
-13
Let i be 1/(-3)*(-105)/14*(-56 + 58). Let f(d) = d**3 - 6*d**2 + 13*d - 37. Give f(i).
3
Let h(c) = c**2 + 5*c - 2. Let w = -94 + 99. Suppose 17 - 23 = l + s, -5*l = -w*s + 20. Determine h(l).
-2
Let y(a) be the second derivative of a**7/840 - a**6/90 + a**5/120 + 28*a**3/3 - a**2 + 10*a. Let l(f) be the second derivative of y(f). Calculate l(3).
-6
Let p be (-1080)/36*(-9)/15. Let h(k) = k**2 - 14*k - 30. Determine h(p).
42
Suppose -3*q - 5*w + 3*w = -14, -w = 2*q - 8. Let o(v) = 0*v + 1 + 2*v + 1020*v**q - 993*v**2. Calculate o(-1).
26
Let i(m) = 127*m - 2. Suppose -425*j + 337*j + 88 = 0. Determine i(j).
125
Suppose -5*p - j + 0*j = 172, 58 = -2*p + 5*j. Let k(f) = f**2 + 34*f - 4. Let s be k(p). Let n(x) = x**3 + 2*x**2 - 5*x - 1. Give n(s).
-13
Let g(r) = r - 7. Let o be g(3). Let p(a) be the second derivative of -a**3/3 - 177*a. Determine p(o).
8
Let a(x) = -x + 3. Suppose -2512*q + 303 - 114 = -2521*q. Give a(q).
24
Let b(c) = 12*c - 2. Let g(m) be the first derivative of 23/2*m**2 - 14 - 5*m. Let z(s) = -5*b(s) + 2*g(s). What is z(1)?
-14
Let o(l) = -7*l - 15*l - 33 + 44 - 49 - l**2 - 62. Determine o(-7).
5
Let p(c) = c**3 + 8*c**2 + 4*c. Suppose 55*j + 155 + 230 = 0. What is p(j)?
21
Let s(v) be the second derivative of -38*v + 0 - 2/3*v**4 - 1/6*v**3 + 0*v**2. Calculate s(-2).
-30
Let j(y) = -y**3 + 0*y**3 - 5*y**2 + 2 - 12*y + 9*y. Let u = 50 - 45. Suppose -s + 14 = -u*n, -n - 4*s + 8*s = -1. Determine j(n).
-7
Let a = 2824 + -2827. Let p(r) = 29*r + 6. Determine p(a).
-81
Let a(o) = 9*o + 2. Let p(t) = t**3 - 11*t**2 + 87*t - 962. Let x be p(11). Give a(x).
-43
Let l(p) = 19*p - 263. Let y(r) = -106*r + 3619. Let o be y(34). Determine l(o).
22
Let i(j) = 80*j - 26*j - 36*j + 83. Let w be i(-5). Let k(r) = -r**3 - 7*r**2 - 3*r - 5. Give k(w).
16
Let k(h) = -5*h - 3*h + h**2 - 7 + 5*h - h + 0*h. What is k(-3)?
14
Let s(u) = -20*u + 4. Suppose -16*g = -60*g + 52 + 80. Determine s(g).
-56
Let c(y) = -y**2 + 10*y - 6. Let b be c(9). Let l(p) = -p + 1. Let f(o) = -3*o + 4. Suppose 9*h = 4*h - 30. Let w(s) = h*l(s) + f(s). Calculate w(b).
7
Let i(d) = -18*d + 230. Let m be i(12). Let o(y) = m - 17 + 13*y - 14*y + 14. Give o(14).
-3
Let o(f) = -f**3 + 11*f**2 + 2*f - 16. Let i be o(11). Let s(d) = -1 + 1 - i*d + d**2 + 0*d. Let w = -6144 + 6150. Determine s(w).
0
Let y be 186/(-310) - 56/30*(-18)/(-4). Let x(s) = 4*s**2 + 44*s + 58. Give x(y).
-